{"id":34,"date":"2021-09-30T20:48:21","date_gmt":"2021-09-30T18:48:21","guid":{"rendered":"https:\/\/www.volleyclubs.be\/vollohey\/?page_id=34"},"modified":"2021-09-30T20:51:34","modified_gmt":"2021-09-30T18:51:34","slug":"links","status":"publish","type":"page","link":"https:\/\/www.volleyclubs.be\/vollohey\/links\/","title":{"rendered":"&#8211;&gt; BOUTIQUE &lt;&#8211;"},"content":{"rendered":"<div>Si vous avez rat\u00e9 la commande, vous pouvez toujours visiter la\u00a0<span class=\"il\">boutique<\/span>\u00a0via ce lien.<\/div>\n<div>En d\u00e9cidant d&rsquo;acheter sur le site, les \u00e9l\u00e9ments seront directement livr\u00e9s \u00e0 votre domicile.<\/div>\n<div><\/div>\n<div>Vous pouvez utiliser le code promo\u00a0\u00a0<strong>VOLLOHEYSHOP\u00a0<\/strong>pour obtenir une r\u00e9duction de 20% propre aux membres.<\/div>\n<div><\/div>\n<div><a href=\"https:\/\/www.sportside.be\/etiquette-produit\/vollohey\/\"><strong>BOUTIQUE<\/strong><\/a><\/div>\n<div><\/div>\n<div><\/div>\n<div><\/div>\n<div>Une autre commande group\u00e9e sera pr\u00e9vue fin d\u00e9cembre\/ d\u00e9but janvier pour profiter de meilleurs prix.<\/div>\n<div><\/div>\n<div><\/div>\n<div><\/div>\n<div>Sportivement,<\/div>\n<div><\/div>\n<div>J\u00e9r\u00f4me Rosolen<\/div>\n<div>Tr\u00e9sorier<\/div>\n<div>0498\/79.04.94<\/div>\n","protected":false},"excerpt":{"rendered":"<p>Si vous avez rat\u00e9 la commande, vous pouvez toujours visiter la\u00a0boutique\u00a0via ce lien. En d\u00e9cidant d&rsquo;acheter sur le site, les \u00e9l\u00e9ments seront directement livr\u00e9s \u00e0 votre domicile. Vous pouvez utiliser le code promo\u00a0\u00a0VOLLOHEYSHOP\u00a0pour obtenir une r\u00e9duction de 20% propre aux membres. BOUTIQUE Une autre commande group\u00e9e sera pr\u00e9vue fin d\u00e9cembre\/ d\u00e9but janvier pour profiter de [&hellip;]<\/p>\n","protected":false},"author":39,"featured_media":0,"parent":0,"menu_order":0,"comment_status":"closed","ping_status":"closed","template":"page-templates\/page-links.php","meta":{"footnotes":""},"_links":{"self":[{"href":"https:\/\/www.volleyclubs.be\/vollohey\/wp-json\/wp\/v2\/pages\/34"}],"collection":[{"href":"https:\/\/www.volleyclubs.be\/vollohey\/wp-json\/wp\/v2\/pages"}],"about":[{"href":"https:\/\/www.volleyclubs.be\/vollohey\/wp-json\/wp\/v2\/types\/page"}],"author":[{"embeddable":true,"href":"https:\/\/www.volleyclubs.be\/vollohey\/wp-json\/wp\/v2\/users\/39"}],"replies":[{"embeddable":true,"href":"https:\/\/www.volleyclubs.be\/vollohey\/wp-json\/wp\/v2\/comments?post=34"}],"version-history":[{"count":5,"href":"https:\/\/www.volleyclubs.be\/vollohey\/wp-json\/wp\/v2\/pages\/34\/revisions"}],"predecessor-version":[{"id":1548,"href":"https:\/\/www.volleyclubs.be\/vollohey\/wp-json\/wp\/v2\/pages\/34\/revisions\/1548"}],"wp:attachment":[{"href":"https:\/\/www.volleyclubs.be\/vollohey\/wp-json\/wp\/v2\/media?parent=34"}],"curies":[{"name":"wp","href":"https:\/\/api.w.org\/{rel}","templated":true}]}}