{"id":32,"date":"2024-04-03T22:22:43","date_gmt":"2024-04-03T20:22:43","guid":{"rendered":"https:\/\/www.volleyclubs.be\/volleyclubstabulois\/?page_id=32"},"modified":"2024-04-03T22:22:43","modified_gmt":"2024-04-03T20:22:43","slug":"join","status":"publish","type":"page","link":"https:\/\/www.volleyclubs.be\/volleyclubstabulois\/join\/","title":{"rendered":"S&rsquo;inscrire"},"content":{"rendered":"<p>Tu souhaites rejoindre\u00a0 l\u2019une de nos \u00e9quipes, apprendre le volley avec des coaches dipl\u00f4m\u00e9s qui s&rsquo;efforceront \u00e0 t&rsquo;amener au maximum de tes capacit\u00e9s tout en t&rsquo;amusant!<\/p>\n<p>Pour ce faire envoie un e-mail \u00e0 l\u2019adresse suivante :<span class=\"Apple-converted-space\"> vc-stabulois@hotmail.com<\/span> ou contacte <em>Denis Grosjean <\/em>par t\u00e9l\u00e9phone au +32 495247299.<\/p>\n","protected":false},"excerpt":{"rendered":"<p>Tu souhaites rejoindre\u00a0 l\u2019une de nos \u00e9quipes, apprendre le volley avec des coaches dipl\u00f4m\u00e9s qui s&rsquo;efforceront \u00e0 t&rsquo;amener au maximum de tes capacit\u00e9s tout en t&rsquo;amusant! Pour ce faire envoie un e-mail \u00e0 l\u2019adresse suivante : vc-stabulois@hotmail.com ou contacte Denis Grosjean par t\u00e9l\u00e9phone au +32 495247299.<\/p>\n","protected":false},"author":89,"featured_media":0,"parent":0,"menu_order":0,"comment_status":"closed","ping_status":"closed","template":"page-templates\/page-join.php","meta":{"footnotes":""},"_links":{"self":[{"href":"https:\/\/www.volleyclubs.be\/volleyclubstabulois\/wp-json\/wp\/v2\/pages\/32"}],"collection":[{"href":"https:\/\/www.volleyclubs.be\/volleyclubstabulois\/wp-json\/wp\/v2\/pages"}],"about":[{"href":"https:\/\/www.volleyclubs.be\/volleyclubstabulois\/wp-json\/wp\/v2\/types\/page"}],"author":[{"embeddable":true,"href":"https:\/\/www.volleyclubs.be\/volleyclubstabulois\/wp-json\/wp\/v2\/users\/89"}],"replies":[{"embeddable":true,"href":"https:\/\/www.volleyclubs.be\/volleyclubstabulois\/wp-json\/wp\/v2\/comments?post=32"}],"version-history":[{"count":2,"href":"https:\/\/www.volleyclubs.be\/volleyclubstabulois\/wp-json\/wp\/v2\/pages\/32\/revisions"}],"predecessor-version":[{"id":175,"href":"https:\/\/www.volleyclubs.be\/volleyclubstabulois\/wp-json\/wp\/v2\/pages\/32\/revisions\/175"}],"wp:attachment":[{"href":"https:\/\/www.volleyclubs.be\/volleyclubstabulois\/wp-json\/wp\/v2\/media?parent=32"}],"curies":[{"name":"wp","href":"https:\/\/api.w.org\/{rel}","templated":true}]}}