{"id":26,"date":"2024-04-09T22:50:52","date_gmt":"2024-04-09T20:50:52","guid":{"rendered":"https:\/\/www.volleyclubs.be\/volleyclubstabulois\/?page_id=26"},"modified":"2024-04-22T12:38:48","modified_gmt":"2024-04-22T10:38:48","slug":"the-club-1","status":"publish","type":"page","link":"https:\/\/www.volleyclubs.be\/volleyclubstabulois\/the-club-1\/","title":{"rendered":"La Boutique"},"content":{"rendered":"<p>Tu y as cru? Et non, malheureusement pas de boutique encore en ligne!<\/p>\n<p>Bient\u00f4t qui sait?<\/p>\n<p>En attendant, tu peux commander aupr\u00e8s du Comit\u00e9 ou \u00e0 la buvette les articles suivant:<\/p>\n<ul>\n<li style=\"list-style-type: none\">\n<ul>\n<li>Show7\u00a0 ou BlockU casier 52 EUR avec 4,50 EUR de vidange<\/li>\n<li>Show7 ou BlockU six pack 15 EUR<\/li>\n<li>Verre VC Stabulois 5 EUR<\/li>\n<li>Sweat VC Stabulois 45 EUR<\/li>\n<li>Veste chaude VC Stabulois 50 EUR<\/li>\n<li>Maillot entra\u00eenement\u00a0 VC Stabulois 30 EUR<\/li>\n<li>T-shirt VC Stabulois<\/li>\n<li>Veste Sport VC Stabulois<\/li>\n<li>Training VC Stabulois<\/li>\n<li>Essuie VC Stabulois 30 EUR<\/li>\n<li>Tour de cou VC Stabulois 10 EUR<\/li>\n<li>Couverture VC Stabulois 35 EUR<\/li>\n<\/ul>\n<\/li>\n<\/ul>\n","protected":false},"excerpt":{"rendered":"<p>Tu y as cru? Et non, malheureusement pas de boutique encore en ligne! Bient\u00f4t qui sait? En attendant, tu peux commander aupr\u00e8s du Comit\u00e9 ou \u00e0 la buvette les articles suivant: Show7\u00a0 ou BlockU casier 52 EUR avec 4,50 EUR de vidange Show7 ou BlockU six pack 15 EUR Verre VC Stabulois 5 EUR Sweat [&hellip;]<\/p>\n","protected":false},"author":89,"featured_media":0,"parent":0,"menu_order":0,"comment_status":"closed","ping_status":"closed","template":"page-templates\/page-free.php","meta":{"footnotes":""},"_links":{"self":[{"href":"https:\/\/www.volleyclubs.be\/volleyclubstabulois\/wp-json\/wp\/v2\/pages\/26"}],"collection":[{"href":"https:\/\/www.volleyclubs.be\/volleyclubstabulois\/wp-json\/wp\/v2\/pages"}],"about":[{"href":"https:\/\/www.volleyclubs.be\/volleyclubstabulois\/wp-json\/wp\/v2\/types\/page"}],"author":[{"embeddable":true,"href":"https:\/\/www.volleyclubs.be\/volleyclubstabulois\/wp-json\/wp\/v2\/users\/89"}],"replies":[{"embeddable":true,"href":"https:\/\/www.volleyclubs.be\/volleyclubstabulois\/wp-json\/wp\/v2\/comments?post=26"}],"version-history":[{"count":9,"href":"https:\/\/www.volleyclubs.be\/volleyclubstabulois\/wp-json\/wp\/v2\/pages\/26\/revisions"}],"predecessor-version":[{"id":329,"href":"https:\/\/www.volleyclubs.be\/volleyclubstabulois\/wp-json\/wp\/v2\/pages\/26\/revisions\/329"}],"wp:attachment":[{"href":"https:\/\/www.volleyclubs.be\/volleyclubstabulois\/wp-json\/wp\/v2\/media?parent=26"}],"curies":[{"name":"wp","href":"https:\/\/api.w.org\/{rel}","templated":true}]}}