{"id":44,"date":"2023-12-21T10:00:52","date_gmt":"2023-12-21T09:00:52","guid":{"rendered":"https:\/\/www.volleyclubs.be\/forzauccle\/?page_id=44"},"modified":"2026-04-11T15:55:45","modified_gmt":"2026-04-11T13:55:45","slug":"sponsors","status":"publish","type":"page","link":"https:\/\/www.volleyclubs.be\/forzauccle\/sponsors\/","title":{"rendered":"Sponsors"},"content":{"rendered":"<p><strong><strong>Vous souhaitez soutenir notre club. Nous recherchons des partenaires sponsors ou m\u00e9c\u00e8nes.<\/p>\n<p>Vous pouvez consulter notre dossier de sponsoring<\/strong> : <a href=\"https:\/\/www.volleyclubs.be\/forzauccle\/wp-content\/uploads\/sites\/37\/2026\/04\/DEVENEZ-SPONSOR-de-FORZA_Uccle.pdf\" target=\"\" rel=\"noopener\">DEVENEZ SPONSOR De FORZA Uccle<\/a><\/p>\n<p>N&rsquo;h\u00e9sitez pas \u00e0 prendre contact avec nous !<\/strong><strong><\/p>\n","protected":false},"excerpt":{"rendered":"<p>Vous souhaitez soutenir notre club. Nous recherchons des partenaires sponsors ou m\u00e9c\u00e8nes. Vous pouvez consulter notre dossier de sponsoring : DEVENEZ SPONSOR De FORZA Uccle N&rsquo;h\u00e9sitez pas \u00e0 prendre contact avec nous !<\/p>\n","protected":false},"author":54,"featured_media":0,"parent":0,"menu_order":0,"comment_status":"closed","ping_status":"closed","template":"page-templates\/page-sponsors.php","meta":{"footnotes":""},"_links":{"self":[{"href":"https:\/\/www.volleyclubs.be\/forzauccle\/wp-json\/wp\/v2\/pages\/44"}],"collection":[{"href":"https:\/\/www.volleyclubs.be\/forzauccle\/wp-json\/wp\/v2\/pages"}],"about":[{"href":"https:\/\/www.volleyclubs.be\/forzauccle\/wp-json\/wp\/v2\/types\/page"}],"author":[{"embeddable":true,"href":"https:\/\/www.volleyclubs.be\/forzauccle\/wp-json\/wp\/v2\/users\/54"}],"replies":[{"embeddable":true,"href":"https:\/\/www.volleyclubs.be\/forzauccle\/wp-json\/wp\/v2\/comments?post=44"}],"version-history":[{"count":9,"href":"https:\/\/www.volleyclubs.be\/forzauccle\/wp-json\/wp\/v2\/pages\/44\/revisions"}],"predecessor-version":[{"id":708,"href":"https:\/\/www.volleyclubs.be\/forzauccle\/wp-json\/wp\/v2\/pages\/44\/revisions\/708"}],"wp:attachment":[{"href":"https:\/\/www.volleyclubs.be\/forzauccle\/wp-json\/wp\/v2\/media?parent=44"}],"curies":[{"name":"wp","href":"https:\/\/api.w.org\/{rel}","templated":true}]}}