{"id":41,"date":"2020-11-19T15:51:15","date_gmt":"2020-11-19T14:51:15","guid":{"rendered":"https:\/\/www.volleyclubs.be\/capciwb\/?page_id=41"},"modified":"2023-09-29T18:46:51","modified_gmt":"2023-09-29T16:46:51","slug":"sponsors","status":"publish","type":"page","link":"https:\/\/www.volleyclubs.be\/capciwb\/sponsors\/","title":{"rendered":"Sponsors"},"content":{"rendered":"<h1>Mattimo Pools<\/h1>\n<p>Vous trouverez la piscine de vos r\u00eaves chez <strong>Mattimmo Pools.<\/strong><br \/>\nD\u00e9j\u00e0 plus de 1 800 piscines install\u00e9es en Belgique, leurs ambassadeurs se feront le plaisir de vous faire partager leurs exp\u00e9riences ainsi que leurs piscines !<br \/>\nFort de son exp\u00e9rience dans le placement de piscines priv\u00e9es, <strong>Mattimmo Pools<\/strong> poss\u00e8de sa propre production de volets solaires et de lames de volets en polycarbonate Mattimmo Cover.<br \/>\nL&rsquo;entreprise est membre du Groupement des Entreprises G\u00e9n\u00e9rales de \u00ab Construction de Piscines \u00bb constitu\u00e9 au sein de la F\u00e9d\u00e9ration des Entrepreneurs G\u00e9n\u00e9raux de la Conf\u00e9d\u00e9ration de la Construction.<\/p>\n<p>https:\/\/mattimmo.be\/ <a href=\"https:\/\/mattimmo.be\/\">Cliquez ici pour aller sur leur site<\/a><\/p>\n<p>Adresse:<br \/>\nChauss\u00e9e de Namur 32<br \/>\n1315 Pietrebais<br \/>\nT\u00e9l\u00e9phone: +32 (0) 71 85 46 64<br \/>\nEmail: info@mattimmo.be<\/p>\n<p>&#8212;&#8212;&#8212;&#8212;&#8212;&#8212;&#8212;&#8212;&#8212;&#8212;&#8212;&#8212;<\/p>\n<h1>Acemal<\/h1>\n<p>Depuis 1965, la soci\u00e9t\u00e9 <strong>Acemal<\/strong> s\u2019est sp\u00e9cialis\u00e9e dans la construction de machines industrielles pour biscuiteries et plus particuli\u00e8rement pour gaufreries.<\/p>\n<p><a href=\"http:\/\/www.acemal.com\/site\/fr\/machines-gaufreries-biscuiteries-gaufre-presentation.html\">Cliquez ici pour aller sur leur site<\/a><\/p>\n<p>Adresse :<br \/>\n61, av Thomas Edison<br \/>\n1402 Nivelles &#8211; BELGIUM<br \/>\nT\u00e9l : 32-2-356.67.82<br \/>\nE-mail : acemal@acemal.com<\/p>\n","protected":false},"excerpt":{"rendered":"<p>Mattimo Pools Vous trouverez la piscine de vos r\u00eaves chez Mattimmo Pools. D\u00e9j\u00e0 plus de 1 800 piscines install\u00e9es en Belgique, leurs ambassadeurs se feront le plaisir de vous faire partager leurs exp\u00e9riences ainsi que leurs piscines ! Fort de son exp\u00e9rience dans le placement de piscines priv\u00e9es, Mattimmo Pools poss\u00e8de sa propre production de [&hellip;]<\/p>\n","protected":false},"author":64,"featured_media":0,"parent":0,"menu_order":0,"comment_status":"closed","ping_status":"closed","template":"page-templates\/page-sponsors.php","meta":{"footnotes":""},"_links":{"self":[{"href":"https:\/\/www.volleyclubs.be\/capciwb\/wp-json\/wp\/v2\/pages\/41"}],"collection":[{"href":"https:\/\/www.volleyclubs.be\/capciwb\/wp-json\/wp\/v2\/pages"}],"about":[{"href":"https:\/\/www.volleyclubs.be\/capciwb\/wp-json\/wp\/v2\/types\/page"}],"author":[{"embeddable":true,"href":"https:\/\/www.volleyclubs.be\/capciwb\/wp-json\/wp\/v2\/users\/64"}],"replies":[{"embeddable":true,"href":"https:\/\/www.volleyclubs.be\/capciwb\/wp-json\/wp\/v2\/comments?post=41"}],"version-history":[{"count":5,"href":"https:\/\/www.volleyclubs.be\/capciwb\/wp-json\/wp\/v2\/pages\/41\/revisions"}],"predecessor-version":[{"id":213,"href":"https:\/\/www.volleyclubs.be\/capciwb\/wp-json\/wp\/v2\/pages\/41\/revisions\/213"}],"wp:attachment":[{"href":"https:\/\/www.volleyclubs.be\/capciwb\/wp-json\/wp\/v2\/media?parent=41"}],"curies":[{"name":"wp","href":"https:\/\/api.w.org\/{rel}","templated":true}]}}